of 42 and 405951?
21
Calculate the highest common factor of 17136 and 3312.
144
Calculate the highest common factor of 257516 and 952.
476
What is the greatest common factor of 6 and 254499?
3
What is the highest common factor of 160 and 2447520?
160
What is the greatest common divisor of 78330 and 3850?
70
What is the highest common divisor of 155 and 4247?
31
What is the greatest common factor of 150178 and 238?
238
What is the highest common factor of 8902354 and 3004?
1502
What is the highest common divisor of 2252 and 148?
4
What is the greatest common factor of 2800 and 56840?
280
Calculate the greatest common divisor of 20 and 6002330.
10
What is the greatest common factor of 21 and 15402093?
21
What is the greatest common divisor of 9141 and 11209?
11
What is the greatest common divisor of 44547 and 93?
93
Calculate the greatest common divisor of 151408 and 16.
16
Calculate the highest common factor of 195 and 342150.
15
Calculate the greatest common divisor of 1049 and 20.
1
Calculate the greatest common divisor of 456576 and 369.
123
What is the greatest common factor of 116 and 184817?
29
Calculate the greatest common factor of 66444 and 2260.
452
Calculate the greatest common divisor of 168 and 233744.
56
What is the greatest common divisor of 112509 and 201405?
1389
What is the highest common divisor of 67379 and 3763?
71
Calculate the greatest common divisor of 99 and 22752.
9
Calculate the highest common factor of 309192 and 507.
39
Calculate the highest common divisor of 83 and 9033886.
83
What is the greatest common factor of 756 and 1053297?
189
What is the highest common factor of 86706 and 207?
9
What is the greatest common divisor of 9528 and 105?
3
What is the highest common factor of 66 and 99033?
33
What is the greatest common divisor of 35 and 5785045?
35
What is the highest common divisor of 312620 and 1740?
580
What is the highest common factor of 376096 and 736?
736
Calculate the greatest common divisor of 2914 and 282.
94
What is the highest common divisor of 20 and 421320?
20
Calculate the highest common divisor of 149 and 883272.
149
Calculate the highest common factor of 18 and 137658.
6
What is the highest common factor of 105 and 10227?
21
What is the greatest common divisor of 901 and 2332?
53
What is the greatest common factor of 11336 and 167336?
104
Calculate the greatest common factor of 6528093 and 33.
33
What is the highest common divisor of 24056 and 367048?
776
What is the greatest common divisor of 11826 and 135?
27
What is the highest common divisor of 116216 and 73?
73
Calculate the highest common factor of 221 and 1247987.
221
Calculate the highest common divisor of 3346 and 70.
14
What is the greatest common factor of 55545 and 2116?
529
Calculate the greatest common factor of 135 and 467205.
15
What is the highest common divisor of 18522 and 1344?
42
What is the highest common factor of 768 and 800?
32
Calculate the greatest common factor of 1525 and 105164.
61
What is the highest common divisor of 153 and 35751?
51
What is the greatest common divisor of 20 and 928628?
4
Calculate the highest common divisor of 10 and 1405870.
10
Calculate the highest common factor of 63503 and 1771.
253
What is the greatest common divisor of 11011 and 1066?
13
Calculate the greatest common factor of 357 and 601902.
357
Calculate the greatest common factor of 90 and 92480.
10
What is the greatest common divisor of 211 and 784?
1
What is the highest common divisor of 18 and 72423?
9
Calculate the greatest common factor of 729 and 378.
27
Calculate the highest common factor of 3119841 and 9.
9
Calculate the highest common divisor of 246 and 2993.
41
Calculate the greatest common divisor of 630 and 57155.
35
Calculate the highest common factor of 38 and 10724398.
38
What is the highest common divisor of 8283 and 104667?
753
Calculate the highest common factor of 666 and 5106.
222
What is the highest common divisor of 504 and 188538?
42
Calculate the greatest common factor of 1700 and 490.
10
Calculate the greatest common factor of 1224 and 24021.
153
What is the greatest common factor of 52129 and 385?
77
What is the highest common divisor of 245055 and 600?
15
What is the greatest common factor of 10 and 49145?
5
Calculate the greatest common factor of 3589 and 12062.
37
What is the highest common divisor of 5792 and 1616?
16
What is the greatest common factor of 5131114 and 542?
542
Calculate the greatest common divisor of 7296 and 9.
3
Calculate the greatest common divisor of 735 and 43071.
147
What is the greatest common factor of 1673052 and 2889?
321
What is the highest common factor of 546720 and 765?
255
Calculate the greatest common factor of 1169329 and 21.
7
What is the greatest common factor of 131723 and 157?
157
What is the greatest common divisor of 4989 and 2?
1
Calculate the highest common divisor of 8115699 and 873.
291
What is the highest common divisor of 84135 and 30?
15
What is the highest common factor of 56535 and 1635?
15
What is the highest common factor of 565402 and 38?
38
What is the greatest common divisor of 110 and 23254?
22
What is the highest common factor of 3066 and 461944?
1022
What is the greatest common factor of 139453 and 592?
37
Calculate the highest common divisor of 138200 and 1200.
200
Calculate the highest common factor of 981810 and 30.
30
What is the greatest common factor of 1443 and 54?
3
Calculate the highest common factor of 102460 and 18094.
218
Calculate the greatest common factor of 4147 and 23751.
377
What is the greatest common factor of 371 and 414407?
371
Calculate the greatest common factor of 464933 and 34.
17
Calculate the greatest common divisor of 107663 and 9269.
713
What is the greatest common divisor of 14 and 209564?
2
Calculate the highest common divisor of 40 and 110380.
20
What is the highest common divisor of 336 and 457296?
336
What is the greatest common divisor of 42 and 63658?
14
Calculate the greatest common divisor of 12060 and 17460.
180
Calculate the highest common divisor of 6372 and 23652.
108
What is the highest common factor of 55568 and 452?
4
What is the highest common factor of 10486 and 36594?
214
Calculate the highest common factor of 74547 and 891.
297
What is the highest common factor of 167648 and 13?
13
Calculate the highest common factor of 2069523 and 27.
27
Calculate the highest common factor of 48 and 201048.
24
Calculate the highest common factor of 175 and 7750.
25
Calculate the greatest common divisor of 71155 and 11305.
665
Calculate the highest common factor of 1424 and 43254.
178
Calculate the highest common factor of 41497 and 34.
17
Calculate the greatest common factor of 9064 and 41624.
88
What is the highest common divisor of 1369347 and 1182?
591
What is the highest common factor of 109370 and 10?
10
What is the greatest common divisor of 46 and 295872?
46
Calculate the greatest common factor of 14900 and 13559.
149
What is the highest common factor of 13 and 882271?
13
Calculate the highest common divisor of 84973 and 24079.
199
Calculate the greatest common factor of 19082 and 1034.
94
Calculate the greatest common factor of 1536 and 54.
6
What is the highest common divisor of 5280 and 240504?
264
Calculate the highest common factor of 17884 and 204.
68
Calculate the greatest common factor of 9160 and 596545.
1145
What is the highest common factor of 3914 and 223510?
206
Calculate the greatest common divisor of 5104 and 17028.
44
What is the highest common divisor of 141570 and 702?
234
Calculate the greatest common divisor of 116602 and 346.
346
Calculate the greatest common divisor of 5566 and 16456.
242
Calculate the highest common divisor of 423444 and 546.
42
What is the highest common divisor of 60 and 5415?
15
Calculate the highest common factor of 104496 and 311.
311
Calculate the greatest common factor of 11 and 1729717.
11
What is the highest common factor of 18 and 76569?
3
Calculate the greatest common factor of 19006 and 172.
86
What is the greatest common divisor of 8192 and 1216?
64
What is the greatest common factor of 1305 and 14645?
145
Calculate the greatest common divisor of 416 and 47984.
16
What is the greatest common divisor of 5278 and 1729?
91
Calculate the highest common diviso